n 2751 is divided by 2515?
236
What is the remainder when 2092 is divided by 1392?
700
What is the remainder when 1640 is divided by 151?
130
What is the remainder when 246660 is divided by 14508?
24
What is the remainder when 5385 is divided by 316?
13
What is the remainder when 4507 is divided by 4496?
11
Calculate the remainder when 159760 is divided by 53251.
7
What is the remainder when 348765 is divided by 7?
4
Calculate the remainder when 206807 is divided by 2433.
2
What is the remainder when 6368 is divided by 48?
32
What is the remainder when 627220 is divided by 19?
11
Calculate the remainder when 12549 is divided by 7.
5
What is the remainder when 334496 is divided by 1115?
1111
What is the remainder when 18454 is divided by 2652?
2542
What is the remainder when 28401 is divided by 14179?
43
Calculate the remainder when 41861 is divided by 160.
101
Calculate the remainder when 47602 is divided by 303.
31
Calculate the remainder when 210908 is divided by 35.
33
What is the remainder when 5537 is divided by 422?
51
What is the remainder when 25515 is divided by 75?
15
What is the remainder when 3883 is divided by 48?
43
What is the remainder when 5322 is divided by 142?
68
What is the remainder when 543659 is divided by 51?
50
What is the remainder when 212463 is divided by 53092?
95
What is the remainder when 96320 is divided by 993?
992
What is the remainder when 2306 is divided by 373?
68
Calculate the remainder when 84375 is divided by 58.
43
What is the remainder when 19676 is divided by 1?
0
What is the remainder when 1509 is divided by 530?
449
Calculate the remainder when 343491 is divided by 27.
24
What is the remainder when 2714398 is divided by 49?
43
Calculate the remainder when 12396 is divided by 78.
72
Calculate the remainder when 84724 is divided by 89.
85
Calculate the remainder when 7827 is divided by 526.
463
What is the remainder when 15047 is divided by 519?
515
What is the remainder when 6007 is divided by 137?
116
Calculate the remainder when 1678505 is divided by 2057.
2050
What is the remainder when 128815 is divided by 30?
25
Calculate the remainder when 582 is divided by 184.
30
What is the remainder when 8314 is divided by 769?
624
What is the remainder when 54208 is divided by 1432?
1224
What is the remainder when 23695 is divided by 11767?
161
Calculate the remainder when 166981 is divided by 5218.
5
Calculate the remainder when 675536 is divided by 249.
248
What is the remainder when 13431 is divided by 6713?
5
What is the remainder when 4939 is divided by 2263?
413
Calculate the remainder when 449 is divided by 124.
77
What is the remainder when 1707 is divided by 1651?
56
Calculate the remainder when 14817 is divided by 227.
62
What is the remainder when 8145 is divided by 120?
105
Calculate the remainder when 12401 is divided by 234.
233
Calculate the remainder when 32434 is divided by 271.
185
Calculate the remainder when 31751 is divided by 4.
3
What is the remainder when 3237 is divided by 144?
69
What is the remainder when 2244 is divided by 1823?
421
What is the remainder when 509975 is divided by 12?
11
Calculate the remainder when 29877 is divided by 18.
15
What is the remainder when 242857 is divided by 17?
12
Calculate the remainder when 7446 is divided by 1485.
21
Calculate the remainder when 231097 is divided by 517.
515
Calculate the remainder when 6720 is divided by 551.
108
What is the remainder when 45788 is divided by 339?
23
What is the remainder when 171842 is divided by 120?
2
What is the remainder when 4770 is divided by 4760?
10
What is the remainder when 6012 is divided by 993?
54
Calculate the remainder when 1329069 is divided by 297.
291
Calculate the remainder when 498 is divided by 160.
18
What is the remainder when 3590 is divided by 247?
132
Calculate the remainder when 7789 is divided by 460.
429
What is the remainder when 27826 is divided by 305?
71
What is the remainder when 1450 is divided by 719?
12
What is the remainder when 1773 is divided by 118?
3
Calculate the remainder when 8865 is divided by 144.
81
Calculate the remainder when 1960 is divided by 9.
7
What is the remainder when 233776 is divided by 2959?
15
What is the remainder when 5207367 is divided by 362?
359
Calculate the remainder when 4790 is divided by 77.
16
Calculate the remainder when 9372 is divided by 187.
22
What is the remainder when 9181448 is divided by 1175?
1173
Calculate the remainder when 621 is divided by 52.
49
Calculate the remainder when 89465 is divided by 166.
157
Calculate the remainder when 101827 is divided by 4073.
2
Calculate the remainder when 90883 is divided by 61.
54
What is the remainder when 25188 is divided by 12518?
152
Calculate the remainder when 81518 is divided by 20364.
62
What is the remainder when 713 is divided by 363?
350
Calculate the remainder when 136694 is divided by 24.
14
Calculate the remainder when 173195 is divided by 12.
11
Calculate the remainder when 41196 is divided by 4082.
376
Calculate the remainder when 35399 is divided by 236.
235
What is the remainder when 2528 is divided by 2513?
15
What is the remainder when 114819 is divided by 208?
3
Calculate the remainder when 149906 is divided by 83.
8
What is the remainder when 1155 is divided by 75?
30
What is the remainder when 12314 is divided by 12301?
13
What is the remainder when 14165 is divided by 109?
104
What is the remainder when 49177 is divided by 67?
66
Calculate the remainder when 1638 is divided by 490.
168
What is the remainder when 702666 is divided by 239?
6
What is the remainder when 3131241 is divided by 36?
33
Calculate the remainder when 536 is divided by 522.
14
Calculate the remainder when 116074 is divided by 1733.
1696
What is the remainder when 5791 is divided by 92?
87
What is the remainder when 1108 is divided by 844?
264
What is the remainder when 12490 is divided by 4109?
163
Calculate the remainder when 20628 is divided by 5157.
0
What is the remainder when 317 is divided by 9?
2
What is the remainder when 620040 is divided by 206675?
15
Calculate the remainder when 126937 is divided by 51.
49
What is the remainder when 7099 is divided by 288?
187
Calculate the remainder when 468 is divided by 40.
28
Calculate the remainder when 4818 is divided by 488.
426
What is the remainder when 67941 is divided by 33948?
45
What is the remainder when 19484 is divided by 29?
25
What is the remainder when 72705 is divided by 92?
25
Calculate the remainder when 26325 is divided by 24.
21
What is the remainder when 2380 is divided by 246?
166
Calculate the remainder when 68583 is divided by 42.
39
What is the remainder when 4869 is divided by 143?
7
Calculate the remainder when 5268 is divided by 528.
516
What is the remainder when 19647 is divided by 262?
259
Calculate the remainder when 84098 is divided by 84098.
0
What is the remainder when 3511550 is divided by 29?
27
Calculate the remainder when 1003 is divided by 28.
23
Calculate the remainder when 42255 is divided by 14075.
30
Calculate the remainder when 156253 is divided by 30.
13
Calculate the remainder when 95340 is divided by 101.
97
Calculate the remainder when 6853 is divided by 855.
13
What is the remainder when 40216 is divided by 137?
75
What is the remainder when 56999 is divided by 138?
5
What is the remainder when 15369 is divided by 69?
51
What is the remainder when 64613 is divided by 359?
352
Calculate the remainder when 35130309 is divided by 145.
144
What is the remainder when 8482 is divided by 28?
26
What is the remainder when 57704 is divided by 32?
8
What is the remainder when 484504 is divided by 96898?
14
What is the remainder when 7335 is divided by 121?
75
Calculate the remainder when 11598 is divided by 5796.
6
Calculate the remainder when 133 is divided by 24.
13
What is the remainder when 92966 is divided by 2065?
41
Calculate the remainder when 4224 is divided by 620.
504
Calculate the remainder when 10216 is divided by 28.
24
What is the remainder when 8596 is divided by 156?
16
What is the remainder when 29009 is divided by 93?
86
What is the remainder when 11143 is divided by 1475?
818
Calculate the remainder when 36093 is divided by 1567.
52
What is the remainder when 11210 is divided by 18